0dcb?
-240dca
In base 14, what is 182c078 - -1?
182c079
In base 13, what is -2 + b108?
b106
In base 4, what is 1 - 102321102032?
-102321102031
In base 10, what is 67 - 571262?
-571195
In base 16, what is 90 - ab8b?
-aafb
In base 12, what is 104 + -48b89?
-48a85
In base 3, what is 1211211110 + -11210?
1211122200
In base 11, what is -298 + -45a62?
-4624a
In base 11, what is 15 - -42a67a3?
42a6808
In base 8, what is 7 - -251372212?
251372221
In base 3, what is -11 + 2110021000102?
2110021000021
In base 11, what is 136a665 - 4?
136a661
In base 2, what is -100 - -10011110111000010011000011?
10011110111000010010111111
In base 8, what is 174373 - 363?
174010
In base 9, what is 14 + 652747?
652762
In base 2, what is -100000101 - 100111011110101010101?
-100111011111001011010
In base 13, what is -229 - 36410?
-36639
In base 16, what is 1 - 9131f5?
-9131f4
In base 14, what is -69 - 1ad8c?
-1b017
In base 10, what is 1394 - 194?
1200
In base 2, what is -110111010 - 1011011000110001000010?
-1011011000110111111100
In base 8, what is 46061 + -15154?
30705
In base 5, what is -21112121414 + 10?
-21112121404
In base 2, what is 10010110011110011111001011 - -1?
10010110011110011111001100
In base 9, what is -272217 - -6?
-272211
In base 7, what is 6 - -6362626?
6362635
In base 6, what is -1153452 + 1?
-1153451
In base 6, what is 10124340 + 1034?
10125414
In base 5, what is -11322122 + 403?
-11321214
In base 5, what is 1204411002230 + -4?
1204411002221
In base 8, what is 30 + -2410564?
-2410534
In base 14, what is -46093a - 143?
-460a7d
In base 16, what is -1468 + 1844?
3dc
In base 2, what is -100111 + -1101101011000101?
-1101101011101100
In base 13, what is 111c27669 + -2?
111c27667
In base 3, what is 121210122001 + -10011?
121210111220
In base 16, what is -3 - 52150e?
-521511
In base 16, what is -51c5 - -12f8?
-3ecd
In base 8, what is -1555446 - -1?
-1555445
In base 16, what is 5 + -2330371?
-233036c
In base 5, what is -421312230 - -11?
-421312214
In base 3, what is -1201222 - -222200122?
220221200
In base 14, what is 134447 + 2b8?
134721
In base 7, what is 4145141 - -61?
4145232
In base 8, what is 1 - 332621556?
-332621555
In base 9, what is -22427611 - 4?
-22427615
In base 3, what is -10 + -1202022012102020?
-1202022012102100
In base 10, what is 283010889 + -3?
283010886
In base 3, what is 10000 + -120021110?
-120011110
In base 14, what is 11c4 - 1c23?
-a3d
In base 3, what is -20021102 + 210121?
-12110211
In base 7, what is 202 + -12203445?
-12203243
In base 14, what is -a2c052c + 1?
-a2c052b
In base 13, what is -8cba - 216?
-9203
In base 4, what is -22 + 12132303313?
12132303231
In base 9, what is -6631 - -654?
-5866
In base 7, what is 44314 + -110452?
-33135
In base 10, what is 0 + -8652487?
-8652487
In base 8, what is 4277555344 - 2?
4277555342
In base 12, what is -216 - -233a6?
23190
In base 16, what is 81d - -8ac?
10c9
In base 5, what is 110424 - 1130344?
-1014420
In base 8, what is -300703626 - 2?
-300703630
In base 13, what is b61 - 15b4?
-753
In base 14, what is -16180 - -bb9?
-153a5
In base 16, what is -4f6db2 + 4?
-4f6dae
In base 8, what is 141 - 27216332?
-27216171
In base 10, what is 575 + 363360?
363935
In base 8, what is 3 + -57603401?
-57603376
In base 6, what is 34433211 + -31?
34433140
In base 2, what is -1110010101100001 - -1001011010?
-1110001100000111
In base 2, what is -10111011001100 + 10100100010?
-10100110101010
In base 5, what is -1200030023444 + 0?
-1200030023444
In base 8, what is -16 - -1317610?
1317572
In base 8, what is -3 - -473602364?
473602361
In base 3, what is 12100100112200201 - 112?
12100100112200012
In base 9, what is -15710 - 45878?
-62688
In base 5, what is 313122 + 144041?
1012213
In base 7, what is -35 - -2421260?
2421222
In base 11, what is 20394610 - 2?
20394609
In base 10, what is -3 + 15576864?
15576861
In base 12, what is 39b2705 - -2a?
39b2733
In base 10, what is 8183 - 37017?
-28834
In base 12, what is 5 - -8909755?
890975a
In base 15, what is -2 - -a822ee0?
a822edd
In base 12, what is 33 + 1a6b940?
1a6b973
In base 13, what is 110 + 1440?
1550
In base 6, what is 142314013 - -115?
142314132
In base 13, what is 5b4 + -23402?
-22b1b
In base 6, what is -12405024 - 0?
-12405024
In base 16, what is 5b + 17280?
172db
In base 4, what is 302111 - 110?
302001
In base 14, what is 25 - -20b7420?
20b7445
In base 3, what is -1110001202 - 1220?
-1110010122
In base 9, what is -1578236241 - -2?
-1578236238
In base 5, what is 303244222 + 110?
303244332
In base 6, what is 2023110402 + -53?
2023110305
In base 4, what is -123102003212203 - -11?
-123102003212132
In base 12, what is 67918 - 64?
67874
In base 8, what is 357 + -136034?
-135455
In base 4, what is -31313 + 300313?
203000
In base 11, what is -5 + -2131514a?
-21315154
In base 7, what is 104445634 - -2?
104445636
In base 15, what is 13c5 + 1d94?
3269
In base 2, what is 0 - -100110010111101010000100?
100110010111101010000100
In base 6, what is 2254025 + 10401?
2304430
In base 10, what is 144164 - -3329?
147493
In base 13, what is 63a - 372629?
-371cbc
In base 10, what is 1268677 - 66?
1268611
In base 8, what is -515 + 237462?
236745
In base 14, what is 3a - -2cb2a?
2cb66
In base 10, what is -1139848 - 24?
-1139872
In base 2, what is 1011000011 - -11101010?
1110101101
In base 5, what is 11 + -312032421?
-312032410
In base 15, what is -8dad33e - 0?
-8dad33e
In base 3, what is 2 + 110121210112220?
110121210112222
In base 12, what is 200 - 178389?
-178189
In base 16, what is 1 - 1805855?
-1805854
In base 11, what is a0 - 1a936?
-1a846
In base 14, what is 81 + -3124?
-3083
In base 6, what is 3 + 14432025411?
14432025414
In base 15, what is 160ac - -17b?
16238
In base 5, what is 242401 - -100102?
343003
In base 14, what is a892 + -2a5?
a5cb
In base 14, what is -98d3863 + 5?
-98d385c
In base 13, what is -83 - ac634?
-ac6b7
In base 10, what is -41 + 7418745?
7418704
In base 11, what is 1 - 10770188?
-10770187
In base 13, what is 5 + 265c88?
265c90
In base 16, what is -5a3154 - d?
-5a3161
In base 11, what is 70513 - -6a3?
71106
In base 5, what is 3 - 144102331221?
-144102331213
In base 4, what is 2011 - -2201223?
2203300
In base 3, what is 10 - 11122211221221220?
-11122211221221210
In base 2, what is 10010110110110010010 - 101110000?
10010110110000100010
In base 7, what is -2303 + 10523504?
10521201
In base 16, what is 3d - -75f44?
75f81
In base 14, what is 12371ab - -1?
12371ac
In base 2, what is -111 + -1010011011010010000011?
-1010011011010010001010
In base 3, what is 1101000 + -1121101112?
-1120000112
In base 13, what is -118215c69 + 3?
-118215c66
In base 12, what is -7 + -496b19?
-496b24
In base 5, what is 3110111 - 410?
3104201
In base 12, what is -a1 - 34541?
-34622
In base 3, what is 10011 + -2210111201211?
-2210111121200
In base 4, what is -1 + 102111220200?
102111220133
In base 2, what is -10 - -1101100111010111110010?
1101100111010111110000
In base 10, what is 4482406 + 5?
4482411
In base 9, what is 230438516 + -2?
230438514
In base 13, what is 4ca170a0 - 0?
4ca170a0
In base 9, what is 10702303 - -21?
10702324
In base 6, what is 1155142530 - 30?
1155142500
In base 7, what is 3631516 - -156?
3632005
In base 12, what is 4 + 7005353?
7005357
In base 6, what is -202253011 - 10?
-202253021
In base 4, what is -120321131 + 220?
-120320311
In base 4, what is 12 + 130210030131?
130210030203
In base 15, what is -2 + -1510e1?
-1510e3
In base 11, what is -41 + 1863a?
185a9
In base 10, what is -3219 - -7863?
4644
In base 4, what is 30 - 332110012?
-332103322
In base 12, what is 450b9a + 59?
451037
In base 7, what is 410 + 43120?
43530
In base 7, what is -233455116 - 30?
-233455146
In base 9, what is -4332537 - -103?
-4332434
In base 2, what is 10010101111111101100 - -11000000000?
10010110010111101100
In base 16, what is 1c8fa38d + 4?
1c8fa391
In base 14, what is -b + 405c47a?
405c46d
In base 13, what is -135c2c78 - -2?
-135c2c76
In base 12, what is -5 + 986905?
986900
In base 14, what is -6c5243 - 5?
-6c5248
In base 7, what is 123355122 - 4?
123355115
In base 8, what is -124 + 14247617?
14247473
In base 15, what is -35c908 - -10?
-35c8e8
In base 3, what is 12100021 - -2120112?
21220210
In base 15, what is 98401 - 10c?
982e4
In base 14, what is -65948d + 3?
-65948a
In base 7, what is 